y t(-2)?
4
Let o(c) = c - 3. Suppose -4*a = -13 - 7. Let l = -22 + 23. What is the remainder when o(a) is divided by l?
0
Let y = -22 - -25. Let l be ((-15)/12)/(1/(-4)). Suppose 0 = -0*f + l*f - 40. Calculate the remainder when f is divided by y.
2
Suppose 0 = l + 3*a - 15, 4*a = -3*l + 6*a + 12. Calculate the remainder when l is divided by 4.
2
Suppose -l = -4*l - 24. Let h(c) = 15*c**3 + c. Let w be h(-1). Calculate the remainder when (-150)/l + (-4)/w is divided by 5.
4
Let v(r) = r**3 - 2*r**2. Let l be v(4). Suppose 0 = -4*i + 2*i + l. Calculate the remainder when 30 is divided by i.
14
Let j = 14 - 10. What is the remainder when 21 is divided by j*1*(-3)/(-2)?
3
Suppose 12 = 2*v - 4*a - 0, -v - 4*a = 18. Calculate the remainder when v/(-14) + 363/7 is divided by 18.
16
Let x = -25 + 29. What is the remainder when 33 is divided by x?
1
What is the remainder when 748/12 - 2/6 is divided by 9?
8
Suppose -2*i - w = 2*i - 297, 4*i = 3*w + 309. Calculate the remainder when i is divided by 38.
37
Let z(l) = 2*l + 2. What is the remainder when z(6) is divided by (3/(-6) - -1)*(12 - 0)?
2
Let l = 67 + -117. What is the remainder when 16 is divided by 1/(-4) - l/8?
4
Let b = 15 - -10. Calculate the remainder when 72 is divided by b.
22
Suppose -2*b - 2 + 72 = 0. Let y = b - 23. Calculate the remainder when 34 is divided by y.
10
Let w = 17 + -5. Calculate the remainder when 34 is divided by w.
10
Suppose -2*s - 10 + 26 = 0. Let m = -9 - -15. Let a = s + m. Calculate the remainder when 39 is divided by a.
11
Let j(h) = -9*h**2 + 6*h + 3*h**3 - 5*h**3 + 9 + h**3. What is the remainder when j(-10) is divided by 13?
10
Suppose 2*t - w - 50 = -2*t, w = -3*t + 34. Let a(d) = d**2 - 4*d + 9. Calculate the remainder when a(6) is divided by t.
9
Let q(y) = y**2 + 2*y + 3. Suppose 0 = -2*s - 4*c + 4, s - 23 = 6*s - c. What is the remainder when q(s) is divided by 3?
2
Let y(l) = l**3 - 7*l**2 - 2*l + 9. Let j be y(7). Calculate the remainder when 51/1*j/(-15) is divided by 9.
8
What is the remainder when (-128)/(-6) - (-4)/6 is divided by 49/4 + 3/(-12)?
10
Suppose -2*z + 0*z = 10. Let s be (-23)/z + (-3)/5. Let u(p) = 2*p**2 - 5*p + 4. Calculate the remainder when 47 is divided by u(s).
15
Let o = 92 + -88. Calculate the remainder when 23 is divided by o.
3
Calculate the remainder when 12 is divided by (-2 - -18)/4 - -1.
2
What is the remainder when 24 is divided by 8 + -1 + 116/(-29)?
0
Suppose -34 = -3*f - 10. What is the remainder when 13 is divided by f/20 + 23/5?
3
Let f(a) = a + 2. What is the remainder when 35 is divided by f(10)?
11
Suppose 4*x = -4*m + 56, -2*m + x = 3 - 16. Suppose -3*l = 5*d - 11 - 159, -l = 3*d - 102. Calculate the remainder when d is divided by m.
7
Let s(g) = 8*g**2 - g. Let q = -4 - -7. Calculate the remainder when (-114)/(-9) - 2/q is divided by s(1).
5
Let t(f) = f**3 - f**2 + f + 1. Let w be t(-1). Let h be (37*-1 - w) + 1. Let u = h + 54. What is the remainder when u is divided by 11?
9
Suppose -5*g - 5*z + 20 = -g, 3*g - 5*z = 15. Suppose -r = r - 36. Suppose 0*b = -2*b + r. Calculate the remainder when b is divided by g.
4
Let f = -15 + 32. Suppose -m + 0*m = -f. Let z(c) = -c**3 - 4*c**2 - 5*c - 41. Calculate the remainder when m is divided by z(-5).
8
Suppose 3*o + 2*o - 21 = 3*r, 2*r + 16 = 4*o. Suppose 2*a + o*g - 20 = 0, 5*a + g - 23 = 53. Calculate the remainder when 30 is divided by a.
14
What is the remainder when 121 is divided by 1*-1 + 5 + (-6 - -64)?
59
Let j(u) = u**2 + 4*u - 5. Let q be j(-5). Suppose -5*x + 7 = 3*h, -3*h - 3 = -q. Calculate the remainder when -3*(-1)/((-3)/(-2)) is divided by x.
0
Let v = 2 - 0. Let u = 1 + 1. Calculate the remainder when u is divided by v.
0
Let y = 4 + -2. Let r(x) = -x + 4. Let s be r(y). Suppose 0 = -s*a + a + 26. Calculate the remainder when a is divided by 14.
12
Suppose -4*g = -0*g - 84. Suppose 3*o - 17 - 100 = 0. Calculate the remainder when o is divided by g.
18
Suppose -l + 5*l = 76. Let m(x) = 2*x**2 - 12*x - 47. Calculate the remainder when l is divided by m(9).
5
Let z = -148 + 152. Let y = 1 - -2. What is the remainder when z is divided by y?
1
What is the remainder when 29/(4*(-2)/(-8)) is divided by 8?
5
Suppose -5*s = 15, -4*h = -3*s - 2*s + 173. Let n = -27 - h. Calculate the remainder when n is divided by 11.
9
Let n = -15 - -26. What is the remainder when 42 is divided by n?
9
Let k(x) be the second derivative of x**4/12 - x**3/2 + 4*x**2 - x. What is the remainder when k(6) is divided by 7?
5
Let t = 41 - 17. What is the remainder when 118 is divided by t?
22
Let g(v) = 8*v**2 + 3*v - 2. Calculate the remainder when 165 is divided by g(-2).
21
Let n(s) = 2*s - 3. Let z be n(4). Suppose 3*o - 63 = -0*o. Suppose 3*y = 4*u - 56, 3*u - z*y = 10 + o. Calculate the remainder when u is divided by 10.
7
Let k = -33 - -65. Let b = k - 17. Let h(q) = -q**2 - 4*q + 4. Calculate the remainder when b is divided by h(-4).
3
Suppose 0 = b + 6 - 15. Suppose 0 = 3*d + 5*q - 7, -q = -2*d + 3 + 6. Let z(t) = 2*t - 3. Calculate the remainder when b is divided by z(d).
4
Let k(u) = -u**3 - 3*u**2 - u + 2. Calculate the remainder when 14 is divided by k(-3).
4
Let s = 11 - 4. Let t = s + -4. Calculate the remainder when 9 is divided by t.
0
Suppose x = -5 + 7. Suppose 170 = x*f - 0*f. Calculate the remainder when f is divided by 22.
19
Let a = -12 - -20. Calculate the remainder when 15 is divided by a.
7
Let m = 11 + -8. Let v(q) = -q**2 + 7*q + 3. Let f be v(7). Suppose c + 4 = f*c. Calculate the remainder when m is divided by c.
1
Let y(o) = -17*o + 2. Let s = -25 + 38. Calculate the remainder when y(-2) is divided by s.
10
Let t = 42 - 20. Let n(v) = 43*v - 80. What is the remainder when t is divided by n(2)?
4
Let s(q) = q + 28. What is the remainder when 29 is divided by s(-12)?
13
Suppose 10*g = 5*g + 375. Let k = -17 + 36. Calculate the remainder when g is divided by k.
18
Let b = 2 - 0. What is the remainder when 3 is divided by b?
1
Let l = 11 - -20. Calculate the remainder when l is divided by 19.
12
Suppose 5*q - 5*o = 415, -3*o = -0*q + 4*q - 297. Let d = -109 - -136. What is the remainder when q is divided by d?
24
Let w(g) = g**2 - g + 3. Let b be w(0). Suppose -b = 4*x - 19. Calculate the remainder when 10 is divided by x.
2
Let h = 54 + 40. Calculate the remainder when h is divided by 8.
6
Let y(i) = -i**2 + 10*i - 9. Let q be y(6). Suppose -3*j - 3 = -q. What is the remainder when 14 is divided by j?
2
Let u = -1 + 6. Suppose 0 = 5*z - 4*z - u*h - 19, -2*z + h + 11 = 0. What is the remainder when z is divided by 3?
1
Let r(h) = h**2 - 5*h - 2. Suppose 3*s = -0*s. Let c = -3 - s. Calculate the remainder when 43 is divided by r(c).
21
Let r(f) = 2*f**3 - f**2 - 4*f. What is the remainder when 7 is divided by r(2)?
3
What is the remainder when (-96)/18 + 6 + (-314)/(-6) is divided by 18?
17
Let w = 37 - 25. Let j(u) = u**3 - 2*u**2 + 3*u + 3. Calculate the remainder when j(3) is divided by w.
9
Let y = 7 + -9. What is the remainder when 43/3 - y/(-6) is divided by 5?
4
Let b = 1 - 0. Suppose -4*m = b + 3. Let f = 14 - m. What is the remainder when 44 is divided by f?
14
Let l = 0 - 1. Let o = 5 + l. Calculate the remainder when 7 is divided by o.
3
Let l = 39 - 25. What is the remainder when 54 is divided by l?
12
Let h(k) = 24*k**2 + k - 1. Calculate the remainder when h(2) is divided by 33.
31
Suppose 0 = -4*g - 19 + 7. Let h(i) = -16*i + 4. Calculate the remainder when h(g) is divided by 18.
16
Suppose -2*o + 324 = 3*p, 0 = -2*p - p + 5*o + 324. What is the remainder when p is divided by 22?
20
Let l(o) = o**3 + 8*o**2 + 6*o - 3. Let v be l(-7). Suppose d + c - 7 = 0, -v*c - 10 = 6. What is the remainder when d is divided by 1/(-1) + 3 + 4?
5
Calculate the remainder when 158 is divided by (3*(-2)/(-3))/(3/48).
30
Suppose -6*a - 9 = -81. Let o(l) = -l**3 - l + 21. Calculate the remainder when o(0) is divided by a.
9
Let m(h) = h**3 + 8*h**2 - 10*h - 6. Let z = 0 - 1. Let s be z + (-8 - (-1 + 1)). Calculate the remainder when 7 is divided by m(s).
1
Suppose -2*c + 6 + 6 = 0. Suppose 0*a = -5*a + 120. Let k = a - 14. What is the remainder when k is divided by c?
4
Let v(q) = -11*q - 49. Calculate the remainder when v(-17) is divided by 35.
33
Let z = 